ose d - 5 = -2*m, -4*m - 2*d = -m - 6. Let j be 72/(-30) - -4 - m/(-10). Suppose -j*v = -5*v + 1191. Is v a composite number?
False
Suppose -4*b + 9*b = -h - 62, 20 = -2*b - 2*h. Let r = b - -42. Suppose -r*i = -25*i - 6564. Is i a prime number?
False
Let y(a) = 7 + 9 - 6*a - 84*a + 5. Let n be y(-6). Is (-54)/24 + 2/8 + n a composite number?
True
Suppose 3*x = -5*o + 136162, 78661 + 12107 = 2*x + 2*o. Is x prime?
False
Let y(u) = 96*u**2 + 5*u - 1. Let d(z) = z**3 + 4*z**2 - 5. Let s be d(-2). Is y(s) composite?
True
Let u = -1545 - -9630. Let b = 15082 - u. Is b a prime number?
True
Suppose 5*h - 79174 = 3*t, 3*h + t - 24845 - 22665 = 0. Suppose 52439 = 5*m - h. Is m a prime number?
False
Suppose -2*i + 789 = h, 6*h = 3*h - 5*i + 2362. Suppose -24 = f - h. Is f prime?
False
Suppose -22*u - 58303 = -29*u. Is u/3 + (2 - (-16)/(-12)) a prime number?
True
Suppose -5*f + 244062 - 65818 = 4*l, 5*l = -f + 222805. Is l prime?
False
Let h(z) = -3659*z - 33. Let g be h(-1). Let w = g - -4707. Is w a composite number?
True
Suppose 3*q + 20 = q - 5*k, 0 = 2*q + 4*k + 22. Is ((-5)/(q/19))/(1/489) a composite number?
True
Let p be (-118)/(-6) + (-5)/(-15). Let t(s) = -479*s + 23. Let x(d) = -319*d + 14. Let y(a) = -5*t(a) + 7*x(a). Is y(p) composite?
True
Let y(c) = -c**2 - 36*c - 126. Let s be y(-32). Is s/20 + -2*1860726/(-280) a composite number?
False
Let o = 1644962 - 1166625. Is o a prime number?
False
Suppose -31*k + 9*k - 163*k + 26221715 = 0. Is k a composite number?
True
Suppose 0 = 5*m - 613 + 563. Suppose 2*b - 3527 + 365 = 0. Suppose k - b = -4*u, -m*k + 6*k = -3*u - 6400. Is k a composite number?
False
Let i(l) = 5*l**2 - 35*l + 45. Let d be i(7). Suppose 12410 = -35*z + d*z. Is z a composite number?
True
Suppose 3*l - 261813 = -5*t + l, 0 = 2*t + 2*l - 104730. Is t composite?
False
Let l(r) = 87*r**2 + 21*r - 4. Let w be l(-2). Let s = 3201 - w. Is s a composite number?
True
Suppose 5*a = 11*t - 10*t - 59076, -6*t = a - 354425. Is t prime?
False
Is (5/(-15))/(1*3 - (-44680680)/(-14893551)) composite?
False
Let v be (-4 - (-9 - -6))/(-1). Let b(q) = 1765*q**2 - 4*q + 2. Is b(v) a composite number?
True
Suppose 103*t - 99*t + q - 168521 = 0, -4*t + q = -168527. Is t a composite number?
False
Suppose 4*o + 152960 = 3*w, -5*w + 7*o = 4*o - 254926. Suppose 4*a - w = -4*a. Is a prime?
True
Let l(a) = 2*a**2 - 2*a + 1465. Let s(y) = y**2 - 12*y + 21. Let g be s(10). Let b be g/3 - 4/12. Is l(b) composite?
True
Let n(p) = -p**3 - 12*p**2 - 22*p + 1. Let h be n(-2). Suppose -v = h*v - 10554. Is v prime?
True
Let a(o) = o**2 + 17*o - 21. Let p(z) = z**3 - 6*z**2 + 5*z - 6. Let n be p(4). Let x be a(n). Let k(t) = -25*t**3 + t**2 - 5*t - 2. Is k(x) prime?
False
Let s be 5/((-5)/(-64)) - -2. Is (s/24)/(1/44) prime?
False
Let q be 431/(-6) - 3/18. Let f be (-15)/(-4 - 1)*q. Let p = f - -575. Is p composite?
False
Let z(x) = 251685*x - 2591. Is z(6) composite?
True
Let x be ((-116)/145)/(4/(-10)). Suppose x*h = -5*z + 3*h + 4438, -4*h - 3560 = -4*z. Is z composite?
False
Suppose -2*b + 6 = 0, -j - 5*b = -4 - 11. Suppose -168 = -j*q - 2*q. Let t = q - 53. Is t prime?
True
Let z = -394 - -3262. Let y(l) = l**3 + 10*l**2 - 31*l. Let i be y(-11). Suppose 4*b + i = z. Is b prime?
False
Let g = -1869 - -556. Let s = 1500 - g. Is s a prime number?
False
Let u(y) = 84*y**3 - 10*y**2 - 2*y + 10. Let k be u(9). Let f = k - 33075. Is f a composite number?
True
Suppose -l = 10*l - 3795. Let g = l + 3441. Suppose -g = -5*i + 4769. Is i composite?
True
Let p(r) = -2076*r - 269. Is p(-17) a composite number?
False
Let n = 208 - 80. Suppose 127*r = n*r - 2965. Is r composite?
True
Let b(t) = -44*t**2 - 8*t - 3. Let q be (0 + 2)*((-16)/4)/8. Let y(g) = g**2 - g + 1. Let j(l) = q*b(l) + 2*y(l). Is j(-4) composite?
True
Let u(n) = -n**3 + n - 5. Let s(l) = -l**2 + 18*l - 10. Let i be s(16). Suppose 5*x + 13 = -i. Is u(x) composite?
False
Let i = -1267 - 1072. Is 12*i/(-14) - (-6)/42 a prime number?
False
Suppose 4*q + 4*u - 32772 = -0*u, 3*q - 5*u - 24579 = 0. Suppose -3*c - 259*w + 16932 = -256*w, 3*c + 5*w = 16936. Let k = q - c. Is k a composite number?
False
Suppose -8*l + 10*l + 91655 = 5*o, o - 18314 = -3*l. Is o a prime number?
True
Let i(x) = 151*x**2 - 15*x - 13. Let v be -3 + 28/(-6) - 2/6. Is i(v) prime?
False
Suppose 2*t + 3*h + 0 = 12, -5*h = t - 13. Is 8 + 181 - t/(-6)*4 prime?
True
Suppose 0 = m - t - 13, 4*m + 2*t = 13 + 15. Suppose -6*r + 7*r + m = 0. Is 3*((-33)/r + 1) a prime number?
False
Let c(y) be the second derivative of -y**4/12 - 11*y**3/6 - y**2 - 17*y. Let i be c(-12). Is (i*1/4)/(3/(-678)) a composite number?
True
Suppose 20 = -i + 6*i. Suppose 4*p + 5*m = 1470, 2*m + m + 1486 = i*p. Suppose 0 = -2*a + 4*f + p, 2*a - 6*a + 3*f = -745. Is a a prime number?
False
Let l(c) = 8785*c + 163. Is l(18) prime?
True
Let y = -52589 + 79620. Is y a prime number?
True
Let o(a) be the second derivative of -19*a**3/6 - 15*a**2 + 43*a. Is o(-13) a prime number?
False
Suppose 5*z + 2*m = 4530003, -44*z + 41*z - 3*m + 2718009 = 0. Is z a composite number?
False
Let v = 1260417 - 707246. Is v composite?
False
Let q(g) = 8395*g**2 + 49*g - 373. Is q(5) a prime number?
False
Suppose 3*o - 4*k - 247797 = 0, -4*o - 60*k + 330388 = -64*k. Is o a prime number?
True
Suppose 37*k = 358464 + 428563. Is k a composite number?
True
Let s(j) = 12*j**3 - 33*j**2 - 63*j + 53. Is s(15) a composite number?
False
Suppose 129*r + 72*r = -41039632 + 137577319. Is r a composite number?
False
Let d = -197808 + 300395. Is d composite?
False
Let d(t) = 1157*t - 16 - 37 + 114 - 14 - 20. Is d(10) a prime number?
True
Let r(x) = -x + 6. Let b be r(-19). Let q(o) = -o**3 + 33*o**2 - 9*o + 7. Let l be q(b). Suppose -l = -w - 5*w. Is w prime?
True
Suppose 0 = -4*n + 16*n - 12. Is -4 - (n/1*1 - 5986) a composite number?
False
Suppose 4*l = 3*h + 8*l + 3498, -3*h - 5*l - 3501 = 0. Let r = h - -3964. Suppose -r = -4*v - 182. Is v prime?
False
Let c(q) = -68*q**3 - 12*q**2 + 3*q + 21. Let o be c(-6). Let l = 8878 + o. Is l a composite number?
True
Let y = 11832 - -10703. Is y a prime number?
False
Suppose -g - g = -894. Let f be 70 - (15 - (2 - -3) - 8). Let m = g - f. Is m a prime number?
True
Let n = 646 - 115. Let x = 1630 + n. Is x composite?
False
Let p(g) = 5336*g**2 + 51*g - 411. Is p(6) composite?
True
Suppose 3*r - s = -5*s, 2*r = -5*s - 7. Suppose -7*i - 12021 = -r*j - 2*i, -10 = 2*i. Is j prime?
True
Is 478236 + (1098/(-915))/((-3)/5) a composite number?
True
Let u(w) = -3*w**2 - 35*w - 22. Let k be u(-11). Let v = 7787 + k. Is v a prime number?
False
Suppose -4*k = -3*t - 95, 10*t - 8*t + 70 = 3*k. Is 8/k + 14088/5 + 1 prime?
True
Is (-66)/(-44) + 73761/6 a prime number?
False
Let t = 31 - 28. Suppose -5*i + 1 = -4*n + 6, 0 = -3*n - i + 18. Is 1718*(n/(-20) + t/4) composite?
False
Suppose -3*l + 375 = -1110. Suppose -l = 2*g + 523. Let n = 386 - g. Is n a prime number?
False
Suppose -q + 7172 = -3*r - 966, -3*r = -5*q + 40738. Let u = -17024 + 12923. Let p = u + q. Is p composite?
False
Suppose 2*o = -3*s + 3012, -2*s + 5*o = -475 - 1533. Let z(l) = 196*l + 1. Let i be z(-1). Let u = i + s. Is u a composite number?
False
Let k be 1 + 3 - (3 - 0). Is (-3)/(-2) - (5394/(-4) + k) a prime number?
False
Let g(a) = a**3 - 17*a**2 + a - 17. Let t be g(17). Suppose -3*x - 10*x - 2197 = t. Let f = x - -332. Is f composite?
False
Let y(j) = -j**3 + 11*j**2 + 19*j - 81. Let t be y(12). Let b = 1546 - 441. Suppose -5553 = -5*l - x - 0*x, l + t*x = b. Is l a prime number?
False
Suppose 19 = -2*g - 23. Let f = -18 - g. Suppose 0 = -5*z - f*j + 3149, -3*z = 5*j - 1379 - 504. Is z a prime number?
True
Let d(w) = 2*w**3 - 19*w**2 + 12*w - 22. Let t be d(9). Is (9 - (1 - (t - 9))) + 6729 composite?
False
Suppose -s + 3*s + 5*c - 4915 = 0, 4*s = -c + 9803. Suppose 4*v - 16874 = s. Is v composite?
False
Is ((-2697)/5 + (4 - (1 + 5)))*-10 composite?
True
Let l(x) = -x**2 + 3*x - 2. Let d be l(2). Let i = -27 + 32. Suppose 5*z + 4*c = 2475, c - i = -d. Is z a prime number?
True
Let m(w) = w + 9. Let l be m(-3). Let q = 1415 + -2753. Is (4/l)/((-4)/q) a composite number?
False
Let v = -34789 - -72456. Is v a prime number?
False
Let l be (150/(-25))/((-2)/17 - 0). Let v be ((-1)/(-2))/(((-6)/3)/(-20)). 